s divided by 14?
10
What is the remainder when 4896 is divided by 49?
45
What is the remainder when 6005 is divided by 123?
101
What is the remainder when 4130 is divided by 1375?
5
Calculate the remainder when 23 is divided by 18.
5
Calculate the remainder when 8686 is divided by 53.
47
What is the remainder when 732 is divided by 41?
35
What is the remainder when 124 is divided by 28?
12
What is the remainder when 895 is divided by 69?
67
What is the remainder when 153 is divided by 96?
57
Calculate the remainder when 63 is divided by 8.
7
Calculate the remainder when 2964 is divided by 300.
264
What is the remainder when 3210 is divided by 73?
71
Calculate the remainder when 23 is divided by 14.
9
What is the remainder when 1977 is divided by 33?
30
Calculate the remainder when 53 is divided by 31.
22
What is the remainder when 747 is divided by 30?
27
What is the remainder when 4174 is divided by 36?
34
What is the remainder when 131 is divided by 127?
4
Calculate the remainder when 358 is divided by 52.
46
Calculate the remainder when 392 is divided by 9.
5
What is the remainder when 645 is divided by 13?
8
Calculate the remainder when 6 is divided by 5.
1
Calculate the remainder when 384 is divided by 87.
36
Calculate the remainder when 8324 is divided by 46.
44
Calculate the remainder when 116 is divided by 9.
8
What is the remainder when 367 is divided by 64?
47
What is the remainder when 3143 is divided by 13?
10
What is the remainder when 1313 is divided by 631?
51
Calculate the remainder when 146 is divided by 76.
70
Calculate the remainder when 430 is divided by 48.
46
Calculate the remainder when 593 is divided by 75.
68
What is the remainder when 2055 is divided by 6?
3
Calculate the remainder when 1993 is divided by 10.
3
Calculate the remainder when 2435 is divided by 809.
8
Calculate the remainder when 528 is divided by 30.
18
What is the remainder when 591 is divided by 148?
147
Calculate the remainder when 307 is divided by 12.
7
Calculate the remainder when 162 is divided by 66.
30
Calculate the remainder when 134 is divided by 45.
44
What is the remainder when 439 is divided by 74?
69
Calculate the remainder when 92 is divided by 12.
8
What is the remainder when 4552 is divided by 38?
30
What is the remainder when 28 is divided by 28?
0
What is the remainder when 1487 is divided by 24?
23
Calculate the remainder when 74 is divided by 24.
2
Calculate the remainder when 88 is divided by 18.
16
What is the remainder when 19 is divided by 11?
8
Calculate the remainder when 201 is divided by 97.
7
What is the remainder when 301 is divided by 17?
12
What is the remainder when 411 is divided by 216?
195
What is the remainder when 253 is divided by 16?
13
Calculate the remainder when 234 is divided by 49.
38
What is the remainder when 11565 is divided by 17?
5
What is the remainder when 209 is divided by 20?
9
What is the remainder when 615 is divided by 14?
13
Calculate the remainder when 1154 is divided by 303.
245
Calculate the remainder when 435 is divided by 91.
71
What is the remainder when 519 is divided by 182?
155
Calculate the remainder when 27 is divided by 12.
3
Calculate the remainder when 207 is divided by 37.
22
Calculate the remainder when 74 is divided by 15.
14
What is the remainder when 1109 is divided by 53?
49
Calculate the remainder when 185 is divided by 99.
86
Calculate the remainder when 235 is divided by 40.
35
Calculate the remainder when 617 is divided by 199.
20
What is the remainder when 135 is divided by 19?
2
Calculate the remainder when 184 is divided by 67.
50
Calculate the remainder when 1316 is divided by 414.
74
Calculate the remainder when 152 is divided by 22.
20
Calculate the remainder when 1665 is divided by 824.
17
Calculate the remainder when 1348 is divided by 227.
213
Calculate the remainder when 8798 is divided by 55.
53
What is the remainder when 794 is divided by 57?
53
What is the remainder when 89 is divided by 35?
19
Calculate the remainder when 888 is divided by 163.
73
What is the remainder when 27 is divided by 6?
3
What is the remainder when 137 is divided by 12?
5
What is the remainder when 529 is divided by 38?
35
What is the remainder when 591 is divided by 164?
99
Calculate the remainder when 393 is divided by 9.
6
What is the remainder when 277 is divided by 86?
19
Calculate the remainder when 170 is divided by 20.
10
What is the remainder when 471 is divided by 79?
76
What is the remainder when 573 is divided by 99?
78
What is the remainder when 1219 is divided by 153?
148
What is the remainder when 1030 is divided by 58?
44
Calculate the remainder when 651 is divided by 143.
79
Calculate the remainder when 185 is divided by 35.
10
Calculate the remainder when 734 is divided by 366.
2
Calculate the remainder when 35831 is divided by 41.
38
Calculate the remainder when 905 is divided by 101.
97
Calculate the remainder when 631 is divided by 571.
60
What is the remainder when 1083 is divided by 35?
33
Calculate the remainder when 59 is divided by 30.
29
Calculate the remainder when 209 is divided by 8.
1
What is the remainder when 933 is divided by 15?
3
What is the remainder when 1224 is divided by 114?
84
What is the remainder when 67 is divided by 14?
11
What is the remainder when 267 is divided by 17?
12
Calculate the remainder when 2357 is divided by 37.
26
What is the remainder when 232 is divided by 112?
8
Calculate the remainder when 10882 is divided by 5.
2
Calculate the remainder when 1495 is divided by 23.
0
What is the remainder when 626 is divided by 301?
24
Calculate the remainder when 74 is divided by 6.
2
What is the remainder when 12840 is divided by 247?
243
Calculate the remainder when 15377 is divided by 10.
7
Calculate the remainder when 514 is divided by 104.
98
What is the remainder when 261 is divided by 7?
2
What is the remainder when 3779 is divided by 105?
104
Calculate the remainder when 116 is divided by 15.
11
Calculate the remainder when 657 is divided by 263.
131
Calculate the remainder when 9486 is divided by 4738.
10
Calculate the remainder when 5960 is divided by 14.
10
Calculate the remainder when 1050 is divided by 117.
114
Calculate the remainder when 5069 is divided by 10.
9
Calculate the remainder when 3475 is divided by 59.
53
Calculate the remainder when 671 is divided by 21.
20
Calculate the remainder when 329 is divided by 30.
29
Calculate the remainder when 327 is divided by 22.
19
Calculate the remainder when 4060 is divided by 31.
30
Calculate the remainder when 383 is divided by 30.
23
What is the remainder when 1301 is divided by 119?
111
Calculate the remainder when 850 is divided by 210.
10
What is the remainder when 119 is divided by 58?
3
What is the remainder when 1477 is divided by 734?
9
What is the remainder when 1136 is divided by 15?
11
Calculate the remainder when 17344 is divided by 98.
96
What is the remainder when 225 is divided by 37?
3
Calculate the remainder when 1478 is divided by 17.
16
Calculate the remainder when 2846 is divided by 32.
30
Calculate the remainder when 590 is divided by 255.
80
Calculate the remainder when 2482 is divided by 496.
2
Calculate the remainder when 259 is divided by 195.
64
What is the remainder when 2055 is divided by 5?
0
Calculate the remainder when 7423 is divided by 79.
76
What is the remainder when 2179 is divided by 274?
261
What is the remainder when 162 is divided by 41?
39
What is the remainder when 1155 is divided by 105?
0
Calculate the remainder when 91 is divided by 26.
13
Calculate the remainder when 1529 is divided by 39.
8
Calculate the remainder when 3271 is divided by 20.
11
Calculate the remainder when 101 is divided by 10.
1
Calculate the remainder when 579 is divided by 178.
45
What is the remainder when 93 is divided by 21?
9
What is the remainder when 929 is divided by 11?
5
What is the remainder when 25 is divided by 16?
9
What is the remainder when 42257 is divided by 20?
17
What is the remainder when 297 is divided by 75?
72
What is the remainder when 1188 is divided by 589?
10
What is the remainder when 67 is divided by 25?
17
Calculate the remainder when 345 is divided by 39.
33
Calculate the remainder when 194 is divided by 14.
12
Calculate th